ds digit of 803?
8
What is the ten thousands digit of 139619?
3
What is the units digit of 1675?
5
What is the units digit of 23306?
6
What is the ten thousands digit of 17778?
1
What is the tens digit of 44639?
3
What is the units digit of 66742?
2
What is the tens digit of 1831?
3
What is the units digit of 832?
2
What is the hundreds digit of 7215?
2
What is the ten thousands digit of 17949?
1
What is the hundreds digit of 37136?
1
What is the ten thousands digit of 70697?
7
What is the tens digit of 10371?
7
What is the tens digit of 1591?
9
What is the hundreds digit of 1901?
9
What is the tens digit of 846?
4
What is the units digit of 35705?
5
What is the hundreds digit of 260?
2
What is the units digit of 5607?
7
What is the units digit of 3897?
7
What is the hundreds digit of 14636?
6
What is the tens digit of 4510?
1
What is the thousands digit of 4771?
4
What is the ten thousands digit of 16907?
1
What is the units digit of 15365?
5
What is the thousands digit of 8439?
8
What is the thousands digit of 24769?
4
What is the tens digit of 2307?
0
What is the hundreds digit of 83036?
0
What is the hundreds digit of 7740?
7
What is the hundreds digit of 5411?
4
What is the thousands digit of 9331?
9
What is the tens digit of 5372?
7
What is the ten thousands digit of 18601?
1
What is the tens digit of 13113?
1
What is the thousands digit of 5122?
5
What is the hundreds digit of 8549?
5
What is the units digit of 895?
5
What is the thousands digit of 2867?
2
What is the units digit of 2905?
5
What is the hundreds digit of 1188?
1
What is the tens digit of 42?
4
What is the ten thousands digit of 21415?
2
What is the tens digit of 1789?
8
What is the ten thousands digit of 10601?
1
What is the hundreds digit of 42199?
1
What is the thousands digit of 7300?
7
What is the ten thousands digit of 11897?
1
What is the hundreds digit of 16243?
2
What is the hundreds digit of 2317?
3
What is the hundreds digit of 47472?
4
What is the units digit of 869?
9
What is the units digit of 27697?
7
What is the units digit of 30540?
0
What is the thousands digit of 30331?
0
What is the thousands digit of 3824?
3
What is the hundreds digit of 744?
7
What is the ten thousands digit of 24852?
2
What is the hundreds digit of 135?
1
What is the thousands digit of 24877?
4
What is the ten thousands digit of 13754?
1
What is the thousands digit of 1964?
1
What is the hundreds digit of 28192?
1
What is the hundreds digit of 25091?
0
What is the tens digit of 70195?
9
What is the units digit of 1036?
6
What is the units digit of 335?
5
What is the hundreds digit of 3072?
0
What is the hundreds digit of 8082?
0
What is the units digit of 3899?
9
What is the thousands digit of 2510?
2
What is the thousands digit of 21891?
1
What is the thousands digit of 8520?
8
What is the hundreds digit of 3489?
4
What is the units digit of 5618?
8
What is the units digit of 15136?
6
What is the units digit of 31558?
8
What is the tens digit of 128311?
1
What is the units digit of 608?
8
What is the hundreds digit of 11276?
2
What is the thousands digit of 102358?
2
What is the units digit of 32349?
9
What is the units digit of 243?
3
What is the tens digit of 925?
2
What is the units digit of 25573?
3
What is the tens digit of 9437?
3
What is the thousands digit of 4439?
4
What is the tens digit of 896?
9
What is the units digit of 9526?
6
What is the units digit of 184?
4
What is the tens digit of 1281?
8
What is the tens digit of 265?
6
What is the thousands digit of 1460?
1
What is the thousands digit of 1121?
1
What is the units digit of 6617?
7
What is the tens digit of 58184?
8
What is the hundreds digit of 917?
9
What is the tens digit of 18318?
1
What is the thousands digit of 23273?
3
What is the tens digit of 1159?
5
What is the hundreds digit of 117?
1
What is the hundreds digit of 701?
7
What is the tens digit of 42126?
2
What is the hundreds digit of 108356?
3
What is the hundreds digit of 805?
8
What is the thousands digit of 5304?
5
What is the thousands digit of 20566?
0
What is the hundreds digit of 30883?
8
What is the hundreds digit of 1711?
7
What is the hundreds digit of 896?
8
What is the units digit of 990?
0
What is the hundreds digit of 3193?
1
What is the units digit of 6844?
4
What is the tens digit of 45302?
0
What is the hundreds digit of 4538?
5
What is the thousands digit of 92727?
2
What is the hundreds digit of 1781?
7
What is the tens digit of 8871?
7
What is the units digit of 432?
2
What is the tens digit of 7308?
0
What is the hundreds digit of 11987?
9
What is the hundreds digit of 1360?
3
What is the thousands digit of 32167?
2
What is the hundreds digit of 2023?
0
What is the units digit of 693?
3
What is the ten thousands digit of 22866?
2
What is the hundreds digit of 111527?
5
What is the tens digit of 271?
7
What is the thousands digit of 1044?
1
What is the tens digit of 23182?
8
What is the hundreds digit of 4651?
6
What is the units digit of 2339?
9
What is the hundreds digit of 28839?
8
What is the units digit of 19410?
0
What is the hundreds digit of 589?
5
What is the hundreds digit of 9941?
9
What is the tens digit of 328?
2
What is the thousands digit of 1954?
1
What is the thousands digit of 116576?
6
What is the units digit of 10708?
8
What is the tens digit of 8457?
5
What is the thousands digit of 1238?
1
What is the units digit of 52707?
7
What is the tens digit of 1373?
7
What is the hundreds digit of 44184?
1
What is the tens digit of 4145?
4
What is the tens digit of 596?
9
What is the thousands digit of 7188?
7
What is the hundreds digit of 1655?
6
What is the tens digit of 2286?
8
What is the tens digit of 11626?
2
What is the hundreds digit of 736?
7
What is the tens digit of 92709?
0
What is the ten thousands digit of 12001?
1
What is the tens digit of 249?
4
What is the thousands digit of 26149?
6
What is the tens digit of 255?
5
What is the tens digit of 8340?
4
What is the units digit of 11217?
7
What is the tens digit of 2383?
8
What is the tens digit of 4606?
0
What is the units digit of 3365?
5
What is the tens digit of 338?
3
What is the tens digit of 3737?
3
What is the tens digit of 9273?
7
What is the hundreds digit of 518?
5
What is the units digit of 2205?
5
What is the tens digit of 133?
3
What is the thousands digit of 72699?
2
What is the hundreds digit of 230?
2
What is the hundreds digit of 4596?
5
What is the tens digit of 17850?
5
What is the hundreds digit of 3616?
6
What is the hundreds digit of 7291?
2
What is the hundreds digit of 44948?
9
What is the tens digit of 2149?
4
What is the thousands digit of 1106?
1
What is the units digit of 259?
9
What is the units digit of 130022?
2
What is the units digit of 309?
9
What is the hundreds digit of 59779?
7
What is the hundreds digit of 1979?
9
What is the units digit of 27011?
1
What is the tens digit of 3489?
8
What is the tens digit of 1178?
7
What is the ten thousands digit of 43093?
4
What is the hundreds digit of 1231?
2
What is the ten thousands digit of 89392?
8
What is the units digit of 3122?
2
What is the thousands digit of 4972?
4
What is the tens digit of 3120?
2
What is the hundreds digit of 254?
2
What is the units digit of 878?
8
What is the hundreds digit of 1458?
4
What is the thousands digit of 15756?
5
What is the tens digit of 2075?
7
What is the hundreds digit of 382?
3
What is the units digit of 4638?
8
What is the tens digit of 9222?
2
What is the units digit of 49676?
6
What is the ten thousands digit of 93499?
9
What is the hundreds digit of 6644?
6
What is the tens digit of 2864?
6
What is the thousands digit of 1134?
1
What is the tens digit of 1053?
5
What is the ten thousands digit of 11780?
1
What is the tens digit of 7789?
8
What is the units digit of 3067?
7
What is the tens digit of 5895?
9
What is the units digit of 256?
6
What is the hundreds digit of 79324?
3
What is the units digit of 2015?
5
What is the thousands digit of 1629?
1
What is the ten thousands digit of 10305?
1
What is the ten thousands digit of 97693?
9
What is the units digit of 12185?
5
What is the ten thousands digit of 16332?
1
What is the ten thousands digit of 63336?
6
What is the hundreds digit of 7211?
2
What is the hundreds digit of 8